s -204 + -24?
-233
In base 5, what is 10 - -1312?
1322
In base 12, what is -21 + -2?
-23
In base 15, what is -3 + 157?
154
In base 6, what is -5 - 22?
-31
In base 9, what is -3146 - -1?
-3145
In base 11, what is 22 + 10?
32
In base 7, what is 10333 - 5?
10325
In base 15, what is 9d - 1?
9c
In base 4, what is 110 - -13?
123
In base 11, what is 0 + -31a?
-31a
In base 9, what is -5 - -1101?
1085
In base 5, what is 4 + -40?
-31
In base 13, what is -24 + 5?
-1c
In base 7, what is 23402 + -5?
23364
In base 16, what is 13 - 70?
-5d
In base 2, what is 101 - 101110?
-101001
In base 13, what is -504 + 3?
-501
In base 16, what is d + 13?
20
In base 13, what is -14 - 9?
-20
In base 2, what is -10 + 101010001?
101001111
In base 15, what is 15 + 302?
317
In base 16, what is b - -9f5?
a00
In base 7, what is 50 - -60?
140
In base 7, what is 5262 + 3?
5265
In base 11, what is -175 + -98?
-262
In base 9, what is 178 - -5?
184
In base 5, what is 122 + 1?
123
In base 12, what is 8 - 250?
-244
In base 9, what is 2 + -5326?
-5324
In base 4, what is -12333 - 1?
-13000
In base 4, what is -1 + 102033?
102032
In base 4, what is -210 + 13?
-131
In base 6, what is -140 - -3?
-133
In base 14, what is 11 - c?
3
In base 9, what is 1 + -63?
-62
In base 13, what is c + -b?
1
In base 8, what is -401 + -22?
-423
In base 13, what is -3 - b7?
-ba
In base 12, what is -b5 + -2b?
-124
In base 8, what is -6 - 10?
-16
In base 10, what is 806 - 7?
799
In base 10, what is -1040 - -3?
-1037
In base 15, what is 15 + 7?
1c
In base 3, what is -2022202022 + 1?
-2022202021
In base 3, what is -2 - 10210?
-10212
In base 4, what is 2 + 10113?
10121
In base 14, what is -3 - 32?
-35
In base 9, what is 386 - -3?
400
In base 15, what is -5b3 - -3?
-5b0
In base 4, what is 30 - 110?
-20
In base 4, what is -23223 - 31?
-23320
In base 8, what is 144 + 46?
212
In base 2, what is 111101 + 110101110?
111101011
In base 11, what is -16 + 10?
-6
In base 14, what is 1741 + 2?
1743
In base 13, what is -56 - -a6?
50
In base 3, what is -11 + -1101020?
-1101101
In base 3, what is 112 + 21212?
22101
In base 5, what is 14 - 133?
-114
In base 3, what is 100000200 + -10?
100000120
In base 3, what is -11 + 1122121?
1122110
In base 4, what is -2303110 + 3?
-2303101
In base 7, what is 13 + 13?
26
In base 12, what is 1 - 4?
-3
In base 16, what is 3 + 4e?
51
In base 10, what is 212 - -4?
216
In base 5, what is -11 + 134?
123
In base 8, what is 0 + 203?
203
In base 14, what is -1d - 1?
-20
In base 7, what is 1433 + 0?
1433
In base 2, what is -11000 + 101111?
10111
In base 12, what is -780 + 1?
-77b
In base 2, what is 110011011 - 100?
110010111
In base 4, what is 1111111 - -2?
1111113
In base 6, what is -130 - -244?
114
In base 8, what is -12 + 2?
-10
In base 15, what is 4 - d5?
-d1
In base 12, what is a5 + 4?
a9
In base 15, what is -18 - 23?
-3b
In base 4, what is 0 - -220?
220
In base 9, what is -47 + 8?
-38
In base 8, what is 41 + -23?
16
In base 12, what is 7 + -587?
-580
In base 9, what is 3 - 52?
-48
In base 7, what is 12 + 5?
20
In base 5, what is -3 - -140?
132
In base 12, what is 493 - -5?
498
In base 4, what is 231103 + 2?
231111
In base 7, what is 40 + -10?
30
In base 15, what is -4 - 20?
-24
In base 15, what is -e7 - -7?
-e0
In base 12, what is -4 - 60?
-64
In base 4, what is -11 + 3100?
3023
In base 16, what is c56 - 1?
c55
In base 15, what is 18 - 36?
-1d
In base 3, what is -12 + -10010?
-10022
In base 5, what is 3023 - 13?
3010
In base 5, what is -2322 - 41?
-2413
In base 4, what is 20031 + -211?
13220
In base 5, what is 0 + -333?
-333
In base 8, what is 134 + 33?
167
In base 15, what is 40 - 1?
3e
In base 14, what is -4bd + -8?
-4c7
In base 12, what is -4 - -169?
165
In base 14, what is b1 - -4?
b5
In base 13, what is -19 + -102?
-11b
In base 14, what is 3 + 6b?
70
In base 2, what is 11000 + 1001110?
1100110
In base 3, what is 1121021 - -1?
1121022
In base 15, what is -2 - 26?
-28
In base 15, what is 30 + -b?
24
In base 13, what is -5 - -cb?
c6
In base 8, what is -4 + 101?
75
In base 9, what is -25127 - 0?
-25127
In base 7, what is 665 - 24?
641
In base 16, what is -237 + -4?
-23b
In base 5, what is 10 - 32?
-22
In base 9, what is 3884 + -2?
3882
In base 8, what is 13406 - 0?
13406
In base 2, what is -11 - -11001101?
11001010
In base 13, what is 2 + 55?
57
In base 9, what is -1042 + -1?
-1043
In base 11, what is 4 + -1a78?
-1a74
In base 9, what is -15 - 56?
-72
In base 10, what is -15 + -11?
-26
In base 11, what is 1a008 + 0?
1a008
In base 9, what is -16 - -3?
-13
In base 10, what is -18 + -216?
-234
In base 12, what is -5 - -b3?
aa
In base 5, what is -334 + -23?
-412
In base 12, what is -a + a96?
a88
In base 8, what is 577 + 1?
600
In base 2, what is -1111110010001 - 100?
-1111110010101
In base 2, what is 10 - 1110?
-1100
In base 14, what is 1 - 2?
-1
In base 6, what is 0 + -155?
-155
In base 14, what is 1 + -272?
-271
In base 6, what is -10 + -1043?
-1053
In base 4, what is 31 + 2?
33
In base 4, what is -11 + 333332?
333321
In base 10, what is 63 + 36?
99
In base 13, what is -291 + -1?
-292
In base 8, what is 5 + -34?
-27
In base 7, what is -43 + 5?
-35
In base 9, what is 0 + 12?
12
In base 3, what is -11 + 20?
2
In base 5, what is -4 - 31411?
-31420
In base 10, what is -647 - 3?
-650
In base 10, what is 5 + -4412?
-4407
In base 7, what is 6 + 34?
43
In base 13, what is 6 + -c47?
-c41
In base 10, what is 7792 - -4?
7796
In base 11, what is -4 - -187?
183
In base 2, what is 10 - -1011100001?
1011100011
In base 12, what is -1 - 56?
-57
In base 6, what is 15210 + -2?
15204
In base 12, what is -25 - 2?
-27
In base 13, what is -12b70 - 0?
-12b70
In base 11, what is -5 - 56?
-60
In base 3, what is -2 - 2210?
-2212
In base 8, what is -15275 + 3?
-15272
In base 13, what is 4 - -1839?
1840
In base 5, what is -1344 - -2?
-1342
In base 16, what is -2 + -dc?
-de
In base 7, what is -1 - -10?
6
In base 10, what is -600 + 2?
-598
In base 5, what is 3 - 203?
-200
In base 4, what is -123103 - 0?
-123103
In base 2, what is 1 - -100101011?
100101100
In base 14, what is -ab + 2?
-a9
In base 5, what is -24 - 331?
-410
In base 5, what is -20 - -41?
21
In base 7, what is 2 - 2651?
-2646
In base 8, what is -121 - -3?
-116
In base 4, what is 11 + -100101?
-100030
In base 16, what is c - 0?
c
In base 10, what is -9 + -50?
-59
In base 13, what is 5a + -5?
55
In base 10, what is 276 + 35?
311
In base 12, what is 1040 + -4?
1038
In base 7, what is -1 + -4042?
-4043
In base 9, what is -23 + 3?
-20
In base 12, what is -13a + -3?
-141
In base 13, what is 1280 + 3?
1283
In base 16, what is -3 - -f4?
f1
In base 10, what is -455 - 1?
-456
In base 13, what is 69 + 9?
75
In base 8, what is 200 + -41?
137
In base 7, what is -5 - 132?
-140
In base 10, what is -5 - -147?
142
In base 10, what is 72 - -3?
75
In base 14, what is 297 + 5?
29c
In base 16, what is 2127 - 4?
2123
In base 7, what is 0 + 4513?
4513
In base 16, what is -14 + -125?
-139
In base 7, what is -5 - 2300?
-2305
In base 10, what is 2 - 23?
-21
In base 14, what is -6 + -16a?
-172
In base 13, what is 4 - -731?
735
In base 3, what is 100 + 1010101?
1010201
In base 8, what is 56 + 13?
71
In base 4, what is -202 + 10?
-132
In base 11, what is 44 - -7?
50
In base 11, what is 2aa + -2?
2a8
In base 5, what is -24 - 1?
-30
In base 2, what is -110011100001 - -11?
-110011011110
In base 7, what is 52545 - -5?
52553
In base 2, what is -11011011011 - -10?
-11011011001
In base 3, what is -2022 - -11?
-2011
In base 6, what is -35 - -24?
-11
In base 5, what is 10 - 134?
-124
In base 15, what is 58 + -3?
55
In base 16, what is -5 + 77a?
775
In base 13, what is -bc - 56?
-145
In base 13, what is -3 - 17c?
-182
In base 9, what is 5 - 30?
-24
In base 15, what is -5 + 53d?
538
In base 13, what is 34 - 1?
33
In base 15, what is 2 + 2d?
30
In base 6, what is -5 - 1023?
-1032
In base 16, what is -3 + 14?
11
In base 9, what is 8 + -18?
-10
In base 13, what is 21a + 5?
222
In base 16, what is -98 - -6?
-92
In base 9, what is -8 + -38?
-47
In base 10, what is -202 - -4?
-198
In base 11, what is 5 + 367?
371
In base 11, what is -7 - -94?
88
In base 16, what is -2 + 283?
281
In base 6, what is -52 - -3?
-45
In base 6, what is -5 + 2342?
2333
In base 10, what is 102 - -3?
105
In base 10, what is -114 - -21